{"id":664,"date":"2022-04-14T05:04:04","date_gmt":"2022-04-14T05:04:04","guid":{"rendered":"https:\/\/pvv.com.vn\/?page_id=664"},"modified":"2022-04-14T05:04:04","modified_gmt":"2022-04-14T05:04:04","slug":"thay-doi-ke-toan-truong-cong-ty","status":"publish","type":"page","link":"https:\/\/pvv.com.vn\/index.php\/thay-doi-ke-toan-truong-cong-ty\/","title":{"rendered":"Thay \u0111\u1ed5i K\u1ebf to\u00e1n tr\u01b0\u1edfng c\u00f4ng ty"},"content":{"rendered":"\n<p>Ng\u00e0y 14\/4\/2022, H\u1ed9i \u0111\u1ed3ng qu\u1ea3n tr\u1ecb c\u00f4ng ty \u0111\u00e3 k\u00fd quy\u1ebft \u0111\u1ecbnh mi\u1ec5n nhi\u1ec7m ch\u1ee9c v\u1ee5 K\u1ebf to\u00e1n tr\u01b0\u1edfng \u0111\u1ed1i v\u1edbi b\u00e0 V\u0169 Th\u1ecb Xu\u00e2n, v\u00e0 b\u1ed5 nhi\u1ec7m b\u00e0 L\u00ea Th\u1ecb Thu H\u01b0\u01a1ng \u0111\u1ea3m nh\u1eadn ch\u1ee9c v\u1ee5 K\u1ebf to\u00e1n tr\u01b0\u1edfng m\u1edbi c\u1ee7a c\u00f4ng ty. Th\u1eddi h\u1ea1n b\u1ed5 nhi\u1ec7m 5 n\u0103m k\u1ec3 t\u1eeb ng\u00e0y k\u00fd quy\u1ebft \u0111\u1ecbnh.<\/p>\n\n\n\n<p>Chi ti\u1ebft k\u00ednh m\u1eddi qu\u00fd c\u1ed5 \u0111\u00f4ng t\u1ea3i file theo \u0111\u01b0\u1eddng d\u1eabn sau:<\/p>\n\n\n\n<p><a href=\"https:\/\/drive.google.com\/drive\/my-drive\">https:\/\/drive.google.com\/drive\/my-drive<\/a><\/p>\n","protected":false},"excerpt":{"rendered":"<p>Ng\u00e0y 14\/4\/2022, H\u1ed9i \u0111\u1ed3ng qu\u1ea3n tr\u1ecb c\u00f4ng ty \u0111\u00e3 k\u00fd quy\u1ebft \u0111\u1ecbnh mi\u1ec5n nhi\u1ec7m ch\u1ee9c v\u1ee5 K\u1ebf to\u00e1n tr\u01b0\u1edfng \u0111\u1ed1i v\u1edbi b\u00e0 V\u0169 Th\u1ecb Xu\u00e2n, v\u00e0 b\u1ed5 nhi\u1ec7m b\u00e0 L\u00ea Th\u1ecb Thu H\u01b0\u01a1ng \u0111\u1ea3m nh\u1eadn ch\u1ee9c v\u1ee5 K\u1ebf to\u00e1n tr\u01b0\u1edfng <a href=\"https:\/\/pvv.com.vn\/index.php\/thay-doi-ke-toan-truong-cong-ty\/\" class=\"read-more\">Xem th\u00eam &#8230;<\/a><\/p>\n","protected":false},"author":1,"featured_media":0,"parent":0,"menu_order":0,"comment_status":"closed","ping_status":"closed","template":"","meta":[],"_links":{"self":[{"href":"https:\/\/pvv.com.vn\/index.php\/wp-json\/wp\/v2\/pages\/664"}],"collection":[{"href":"https:\/\/pvv.com.vn\/index.php\/wp-json\/wp\/v2\/pages"}],"about":[{"href":"https:\/\/pvv.com.vn\/index.php\/wp-json\/wp\/v2\/types\/page"}],"author":[{"embeddable":true,"href":"https:\/\/pvv.com.vn\/index.php\/wp-json\/wp\/v2\/users\/1"}],"replies":[{"embeddable":true,"href":"https:\/\/pvv.com.vn\/index.php\/wp-json\/wp\/v2\/comments?post=664"}],"version-history":[{"count":1,"href":"https:\/\/pvv.com.vn\/index.php\/wp-json\/wp\/v2\/pages\/664\/revisions"}],"predecessor-version":[{"id":665,"href":"https:\/\/pvv.com.vn\/index.php\/wp-json\/wp\/v2\/pages\/664\/revisions\/665"}],"wp:attachment":[{"href":"https:\/\/pvv.com.vn\/index.php\/wp-json\/wp\/v2\/media?parent=664"}],"curies":[{"name":"wp","href":"https:\/\/api.w.org\/{rel}","templated":true}]}}