{"id":59,"date":"2017-11-07T06:44:42","date_gmt":"2017-11-07T06:44:42","guid":{"rendered":"http:\/\/localhost\/pvv.com.vn\/?page_id=59"},"modified":"2017-11-28T08:37:17","modified_gmt":"2017-11-28T08:37:17","slug":"du-an-ct2-khu-do-thi-nam-cuong","status":"publish","type":"page","link":"https:\/\/pvv.com.vn\/index.php\/du-an-ct2-khu-do-thi-nam-cuong\/","title":{"rendered":"D\u1ef1 \u00e1n CT2 Khu \u0111\u00f4 th\u1ecb Nam C\u01b0\u1eddng"},"content":{"rendered":"<p>PVV \u2013 C\u1ed5 Nhu\u1ebf Resident<br \/>\nT\u1ecda l\u1ea1c trong Khu \u0111\u00f4 th\u1ecb m\u1edbi C\u1ed5 Nhu\u1ebf t\u1ea1i c\u1eeda ng\u00f5 Ph\u00eda B\u1eafc Th\u00e0nh ph\u1ed1 H\u00e0 N\u1ed9i, n\u01a1i \u0111\u1ea7u m\u1ed1i giao th\u00f4ng chi\u1ebfn l\u01b0\u1ee3c k\u1ebft n\u1ed1i v\u1edbi Trung t\u00e2m ch\u00ednh tr\u1ecb Qu\u1ed1c gia. PVV \u2013 C\u1ed5 Nhu\u1ebf Resident l\u00e0 m\u1ed9t kh\u00f4ng gian s\u1ed1ng l\u00fd t\u01b0\u1edfng \u0111em l\u1ea1i \u0111\u1ea7y \u0111\u1ee7 ti\u1ec7n \u00edch cho ng\u01b0\u1eddi s\u1eed d\u1ee5ng<\/p>\n<p>\u0110\u00e2y l\u00e0 c\u00f4ng tr\u00ecnh nh\u00e0 \u1edf k\u1ebft h\u1ee3p v\u1edbi Trung t\u00e2m th\u01b0\u01a1ng m\u1ea1i v\u00e0 d\u1ecbch v\u1ee5 cao 21 t\u1ea7ng, ngo\u00e0i kh\u00f4ng gian xanh xung quanh t\u00f2a nh\u00e0 c\u00f2n \u0111\u01b0\u1ee3c th\u1eeba h\u01b0\u1edfng chu\u1ed7i c\u00f4ng vi\u00ean c\u00e2y xanh r\u1ed9ng l\u1edbn.<\/p>\n<p>PVV \u2013 C\u1ed5 Nhu\u1ebf Resident do C\u00f4ng ty C\u1ed5 ph\u1ea7n \u0110\u1ea7u t\u01b0 X\u00e2y d\u1ef1ng Vinaconex-PVC l\u00e0 ch\u1ee7 \u0111\u1ea7u t\u01b0 n\u1eb1m trong t\u1ed5 h\u1ee3p Khu \u0111\u00f4 th\u1ecb m\u1edbi C\u1ed5 Nhu\u1ebf hi\u1ec7n \u0111\u1ea1i, sang tr\u1ecdng v\u1edbi nh\u1eefng \u00fd t\u01b0\u1edfng thi\u1ebft k\u1ebf m\u1edbi s\u1ebd \u0111em \u0111\u1ebfn nhi\u1ec1u \u0111i\u1ec1u t\u01b0\u1edfng nh\u01b0 kh\u00f3 \u0111\u1ea1t \u0111\u01b0\u1ee3c cho cu\u1ed9c s\u1ed1ng \u0111\u00f4 th\u1ecb t\u1ea1i th\u1ee7 \u0111\u00f4 H\u00e0 N\u1ed9i.<\/p>\n<p>Theo quy ho\u1ea1ch m\u1edbi \u0111\u01b0\u1ee3c Th\u1ee7 t\u01b0\u1edbng ph\u00ea duy\u1ec7t th\u00ec khu v\u1ef1c ph\u00eda T\u00e2y th\u00e0nh ph\u1ed1 H\u00e0 N\u1ed9i s\u1ebd \u0111\u01b0\u1ee3c t\u1eadp trung \u01b0u ti\u00ean ph\u00e1t tri\u1ec3n, l\u00e0 khu v\u1ef1c c\u00f3 c\u00e1c trung t\u00e2m l\u1edbn nh\u01b0: Trung t\u00e2m h\u1ed9i ch\u1ee3 tri\u1ec3n l\u00e3m qu\u1ed1c gia, Trung t\u00e2m h\u1ed9i ngh\u1ecb qu\u1ed1c gia, Trung t\u00e2m th\u1ec3 thao qu\u1ed1c gia, tr\u1ee5 s\u1edf c\u01a1 quan m\u1edbi c\u1ee7a m\u1ed9t s\u1ed1 b\u1ed9, ng\u00e0nh, \u0111\u1ed3ng th\u1eddi l\u00e0 khu v\u1ef1c c\u00f3 c\u00e1c \u0111\u00f4 th\u1ecb d\u1ecbch v\u1ee5 ch\u1ea5t l\u01b0\u1ee3ng cao<\/p>\n<p>C\u0169ng nh\u01b0 c\u00e1c n\u01b0\u1edbc Ch\u00e2u \u00c1 ph\u00e1t tri\u1ec3n kh\u00e1c nh\u01b0: Singapo, H\u1ed3ng K\u00f4ng, Th\u00e1i Lan, \u2026 nhu c\u1ea7u nh\u00e0 \u1edf t\u1ea1i c\u00e1c khu \u0111\u00f4 th\u1ecb t\u1ea1i c\u00e1c th\u00e0nh ph\u1ed1 l\u1edbn ng\u00e0y c\u00e0ng gia t\u0103ng, nh\u1ea5t l\u00e0 trong th\u1eddi \u0111i\u1ec3m hi\u1ec7n nay d\u00e2n s\u1ed1 t\u1ea1i H\u00e0 N\u1ed9i \u0111\u00e3 \u0111\u1ea1t con s\u1ed1 g\u1ea7n 7 tri\u1ec7u ng\u01b0\u1eddi. Qu\u1ef9 \u0111\u1ea5t t\u1ea1i H\u00e0 N\u1ed9i ng\u00e0y c\u00e0ng h\u1ea1n h\u1eb9p m\u00e0 nhu c\u1ea7u h\u01b0\u1edfng th\u1ee5 m\u1ed9t cu\u1ed9c s\u1ed1ng ti\u1ec7n l\u1ee3i c\u1ee7a ng\u01b0\u1eddi d\u00e2n th\u00ec ng\u00e0y c\u00e0ng l\u1edbn. PVV \u2013 C\u1ed5 Nhu\u1ebf Resident \u0111\u01b0\u1ee3c \u0111\u00e1nh gi\u00e1 l\u00e0 l\u00fd t\u01b0\u1edfng v\u00e0 \u0111\u1eafc \u0111\u1ecba c\u0169ng b\u1edfi d\u1ef1 \u00e1n \u0111\u01b0\u1ee3c x\u00e2y d\u1ef1ng tr\u00ean tuy\u1ebfn \u0111\u01b0\u1eddng l\u1edbn, c\u00e1ch \u0111\u01b0\u1eddng Ph\u1ea1m V\u0103n \u0110\u1ed3ng 200m, \u0111\u1ed1i di\u1ec7n v\u1edbi Th\u00e0nh ph\u1ed1 Giao l\u01b0u v\u00e0 B\u1ed9 C\u00f4ng an, si\u00eau th\u1ecb Metro, b\u1ebfn xe M\u1ef9 \u0110\u00ecnh, b\u1ec7nh vi\u1ec7n E\u2026.<\/p>\n<p>T\u1eeb \u0111\u01b0\u1eddng Ph\u1ea1m V\u0103n \u0110\u1ed3ng xu\u00f4i theo Ph\u1ea1m H\u00f9ng c\u00f3 th\u1ec3 d\u1ec5 d\u00e0ng nh\u1eadn th\u1ea5y 1 t\u1ed5 h\u1ee3p c\u00e1c c\u00f4ng tr\u00ecnh quy m\u00f4 v\u00e0 t\u1ea7m v\u00f3c nh\u01b0 The Manor, Keangnam HaNoi Landmark Tower, Trung t\u00e2m H\u1ed9i ngh\u1ecb Qu\u1ed1c Gia\u2026 D\u1ea1o b\u1ed9 h\u01a1n 1km v\u1ec1 ph\u00eda B\u1eafc d\u1ecdc \u0111\u01b0\u1eddng Ph\u1ea1m V\u0103n \u0110\u1ed3ng l\u00e0 C\u00f4ng vi\u00ean H\u00f2a B\u00ecnh, C\u00f4ng tr\u00ecnh k\u1ef7 ni\u1ec7m 1000 n\u0103m Th\u0103ng Long \u2013 H\u00e0 N\u1ed9i, v\u1edbi kh\u00f4ng gian xanh r\u1ed9ng l\u1edbn, ph\u00f9 h\u1ee3p cho c\u1ea3 ng\u01b0\u1eddi l\u1edbn v\u00e0 tr\u1ebb nh\u1ecf.<\/p>\n<p>PVV \u2013 C\u1ed5 Nhu\u1ebf Resident mang \u0111\u1ebfn cho b\u1ea1n v\u00e0 gia \u0111\u00ecnh m\u1ed9t phong c\u00e1ch s\u1ed1ng hi\u1ec7n \u0111\u1ea1i, t\u1ef1 do, ph\u00f3ng kho\u00e1ng, 1 kh\u00f4ng gian ki\u1ebfn tr\u00fac th\u00e2n thi\u1ec7n, ti\u1ec7n nghi v\u00e0 an to\u00e0n t\u1ed1i \u0111a. Ngo\u00e0i ph\u01b0\u01a1ng \u00e1n thi\u1ebft k\u1ebf do ch\u1ee7 \u0111\u1ea7u t\u01b0 \u0111\u01b0a ra, Ch\u1ee7 \u0111\u1ea7u t\u01b0 t\u1ea1o \u0111i\u1ec1u ki\u1ec7n cho ch\u1ee7 c\u0103n h\u1ed9 tham gia tr\u1ef1c ti\u1ebfp t\u1eeb \u00fd t\u01b0\u1edfng thi\u1ebft k\u1ebf ban \u0111\u1ea7u cho \u0111\u1ebfn phong c\u00e1ch ho\u00e0n thi\u1ec7n \u0111\u1ed1i v\u1edbi c\u0103n h\u1ed9 \u0111\u00e3 \u0111\u01b0\u1ee3c l\u1ef1a ch\u1ecdn, gi\u00fap kh\u00e1ch h\u00e0ng t\u1ef1 t\u1ea1o ra 1 kh\u00f4ng gian s\u1ed1ng l\u00fd t\u01b0\u1edfng, ph\u00f9 h\u1ee3p v\u1edbi c\u00e1 t\u00ednh v\u00e0 th\u1ecb hi\u1ebfu c\u1ee7a t\u1eebng gia \u0111\u00ecnh.<\/p>\n<p>T\u00f2a nh\u00e0 \u0111\u01b0\u1ee3c trang b\u1ecb thang m\u00e1y t\u1ed1c \u0111\u1ed9 cao, thang b\u1ed9 tho\u00e1t hi\u1ec3m<\/p>\n<p>\u2013 H\u1ec7 th\u1ed1ng \u0111i\u1ec7n d\u1ef1 ph\u00f2ng, h\u1ec7 th\u1ed1ng b\u1ea3o v\u1ec7 th\u00f4ng minh 24\/24h, camera gi\u00e1m s\u00e1t m\u1ed7i t\u1ea7ng<\/p>\n<p>\u2013 H\u1ec7 th\u1ed1ng PCCC t\u1ef1 \u0111\u1ed9ng<\/p>\n<p>\u2013 \u0110\u01b0\u1eddng truy\u1ec1n ADSL t\u1ed1c \u0111\u1ed9 cao<\/p>\n<p>\u2013 H\u1ec7 th\u1ed1ng gas trung t\u00e2m, b\u1ea3o \u0111\u1ea3m cho c\u00e1c h\u1ed9 d\u00f9ng gas an to\u00e0n v\u00e0 kinh t\u1ebf<\/p>\n<p>\u2013 Thi\u1ebft k\u1ebf th\u00f4ng tho\u00e1ng, ti\u1ebft ki\u1ec7m n\u0103ng l\u01b0\u1ee3ng \u0111i\u1ec7n, chi\u1ebfu s\u00e1ng v\u00e0 \u0111i\u1ec1u h\u00f2a kh\u00f4ng kh\u00ed<\/p>\n<p>\u2013 T\u1ea7ng h\u1ea7m r\u1ed9ng r\u00e3i l\u00e0 n\u01a1i gi\u1eef xe an to\u00e0n<\/p>\n<p>\u2013 Nh\u00e0 h\u00e0ng, c\u00e0 ph\u00ea bar, c\u00f4ng vi\u00ean c\u00e2y xanh<\/p>\n<p>\u0110\u01b0\u1ee3c x\u00e2y d\u1ef1ng tr\u00ean di\u1ec7n t\u00edch khu\u00f4n vi\u00ean tho\u00e1ng \u0111\u00e3ng, v\u1edbi b\u1ed1 c\u1ee5c h\u00e0i h\u00f2a, t\u1ea5t c\u1ea3 c\u00e1c c\u0103n h\u1ed9 \u0111\u1ec1u \u0111\u01b0\u1ee3c s\u1edf h\u1eefu kho\u1ea3ng kh\u00f4ng gian xanh, t\u1eadn h\u01b0\u1edfng t\u1ed1i \u0111a kh\u00f4ng kh\u00ed trong l\u00e0nh v\u00e0 \u00e1nh n\u1eafng m\u1eb7t tr\u1eddi.<\/p>\n<p>T\u00f2a nh\u00e0 bao g\u1ed3m 209 c\u0103n h\u1ed9 \u0111\u01b0\u1ee3c thi\u1ebft k\u1ebf ho\u00e0n h\u1ea3o v\u1edbi di\u1ec7n t\u00edch dao \u0111\u1ed9ng t\u1eeb 73.2 m2 \u2013 133.9 m2 t\u01b0\u01a1ng \u1ee9ng v\u1edbi 2 ph\u00f2ng ng\u1ee7 \u0111\u1ebfn 3 ph\u00f2ng ng\u1ee7 nh\u1eb1m cung c\u1ea5p cho kh\u00e1ch h\u00e0ng s\u1ef1 l\u1ef1a ch\u1ecdn phong ph\u00fa t\u00f9y theo nhu c\u1ea7u v\u00e0 kh\u1ea3 n\u0103ng c\u1ee7a m\u00ecnh.<\/p>\n<p><img loading=\"lazy\" class=\"size-full wp-image-98 aligncenter\" src=\"http:\/\/pvv.com.vn\/wp-content\/uploads\/2017\/11\/can-ho.jpg\" alt=\"\" width=\"600\" height=\"3300\" srcset=\"https:\/\/pvv.com.vn\/wp-content\/uploads\/2017\/11\/can-ho.jpg 600w, https:\/\/pvv.com.vn\/wp-content\/uploads\/2017\/11\/can-ho-27x150.jpg 27w, https:\/\/pvv.com.vn\/wp-content\/uploads\/2017\/11\/can-ho-258x1420.jpg 258w, https:\/\/pvv.com.vn\/wp-content\/uploads\/2017\/11\/can-ho-49x270.jpg 49w\" sizes=\"(max-width: 600px) 100vw, 600px\" \/><\/p>\n","protected":false},"excerpt":{"rendered":"<p>PVV \u2013 C\u1ed5 Nhu\u1ebf Resident T\u1ecda l\u1ea1c trong Khu \u0111\u00f4 th\u1ecb m\u1edbi C\u1ed5 Nhu\u1ebf t\u1ea1i c\u1eeda ng\u00f5 Ph\u00eda B\u1eafc Th\u00e0nh ph\u1ed1 H\u00e0 N\u1ed9i, n\u01a1i \u0111\u1ea7u m\u1ed1i giao th\u00f4ng chi\u1ebfn l\u01b0\u1ee3c k\u1ebft n\u1ed1i v\u1edbi Trung t\u00e2m ch\u00ednh tr\u1ecb Qu\u1ed1c gia. PVV <a href=\"https:\/\/pvv.com.vn\/index.php\/du-an-ct2-khu-do-thi-nam-cuong\/\" class=\"read-more\">Xem th\u00eam &#8230;<\/a><\/p>\n","protected":false},"author":1,"featured_media":156,"parent":0,"menu_order":1,"comment_status":"closed","ping_status":"closed","template":"","meta":[],"_links":{"self":[{"href":"https:\/\/pvv.com.vn\/index.php\/wp-json\/wp\/v2\/pages\/59"}],"collection":[{"href":"https:\/\/pvv.com.vn\/index.php\/wp-json\/wp\/v2\/pages"}],"about":[{"href":"https:\/\/pvv.com.vn\/index.php\/wp-json\/wp\/v2\/types\/page"}],"author":[{"embeddable":true,"href":"https:\/\/pvv.com.vn\/index.php\/wp-json\/wp\/v2\/users\/1"}],"replies":[{"embeddable":true,"href":"https:\/\/pvv.com.vn\/index.php\/wp-json\/wp\/v2\/comments?post=59"}],"version-history":[{"count":4,"href":"https:\/\/pvv.com.vn\/index.php\/wp-json\/wp\/v2\/pages\/59\/revisions"}],"predecessor-version":[{"id":157,"href":"https:\/\/pvv.com.vn\/index.php\/wp-json\/wp\/v2\/pages\/59\/revisions\/157"}],"wp:featuredmedia":[{"embeddable":true,"href":"https:\/\/pvv.com.vn\/index.php\/wp-json\/wp\/v2\/media\/156"}],"wp:attachment":[{"href":"https:\/\/pvv.com.vn\/index.php\/wp-json\/wp\/v2\/media?parent=59"}],"curies":[{"name":"wp","href":"https:\/\/api.w.org\/{rel}","templated":true}]}}