{"id":52,"date":"2017-11-07T06:43:14","date_gmt":"2017-11-07T06:43:14","guid":{"rendered":"http:\/\/localhost\/pvv.com.vn\/?page_id=52"},"modified":"2017-11-28T08:30:51","modified_gmt":"2017-11-28T08:30:51","slug":"du-an-noi-bat","status":"publish","type":"page","link":"https:\/\/pvv.com.vn\/","title":{"rendered":"D\u1ef1 \u00e1n PVV Vinapharm"},"content":{"rendered":"<p>V\u1eca TR\u00cd V\u00c0 TI\u1ec6N \u00cdCH CHUNG C\u01af PVV VINAPHARM TOWER<br \/>\nChung c\u01b0 PVV Vinapharm n\u1eb1m tr\u00ean n\u1ec1n t\u1ea3ng c\u01a1 s\u1edf h\u1ea1 t\u1ea7ng hi\u1ec7n \u0111\u1ea1i s\u1eb5n c\u00f3, v\u1ecb tr\u00ed giao th\u00f4ng thu\u1eadn l\u1ee3i, g\u1ea7n c\u00e1c tuy\u1ebfn \u0111\u01b0\u1eddng huy\u1ebft m\u1ea1ch tr\u1ecdng \u0111i\u1ec3m c\u1ee7a H\u00e0 N\u1ed9i nh\u01b0: \u0111\u01b0\u1eddng v\u00e0nh \u0111ai 3, v\u00e0nh \u0111ai 2, ng\u00e3 t\u01b0 \u0111\u01b0\u1eddng v\u00e0nh \u0111ai 3 \u2013 Nguy\u1ec5n Tr\u00e3i, k\u1ebft n\u1ed1i d\u1ec5 d\u00e0ng v\u00e0 thu\u1eadn l\u1ee3i v\u1edbi \u0111\u01b0\u1eddng Nguy\u1ec5n Tr\u00e3i, \u0111\u01b0\u1eddng L\u00ea V\u0103n L\u01b0\u01a1ng, Khu\u1ea5t Duy Ti\u1ebfn, \u0110\u1ea1i l\u1ed9 Th\u0103ng Long,\u2026<br \/>\nChung c\u01b0 60B Nguy\u1ec5n Huy T\u01b0\u1edfng ti\u1ebfp gi\u00e1p v\u1edbi khu \u0111\u00f4 th\u1ecb Hapulico, l\u00e0ng sinh vi\u00ean Hacinco, nhi\u1ec1u t\u1eeb m\u1ea7m non t\u1edbi \u0110\u1ea1i h\u1ecdc nh\u01b0 tr\u01b0\u1eddng m\u1ea7m non Flying Finger, Ti\u1ec3u h\u1ecdc Phan \u0110\u00ecnh Gi\u00f3t, Tr\u01b0\u1eddng chuy\u00ean Amsterdam, \u0110H H\u00e0 N\u1ed9i, \u0110H Khoa H\u1ecdc T\u1ef1 Nhi\u00ean,\u2026 b\u1ec7nh vi\u1ec7n, c\u00f4ng vi\u00ean, c\u00e1c trung t\u00e2m th\u01b0\u01a1ng m\u1ea1i l\u1edbn, c\u00e1c khu \u0111\u00f4 th\u1ecb l\u00e2n c\u1eadn v\u00e0 c\u00e1c \u0111\u01a1n v\u1ecb h\u00e0nh ch\u00ednh.<\/p>\n<p><img loading=\"lazy\" class=\"size-full wp-image-148 aligncenter\" src=\"http:\/\/pvv.com.vn\/wp-content\/uploads\/2017\/11\/chung-cu-pvv-vinapharm-60b-nguyen-huy-tuong-3.jpg\" alt=\"\" width=\"683\" height=\"547\" srcset=\"https:\/\/pvv.com.vn\/wp-content\/uploads\/2017\/11\/chung-cu-pvv-vinapharm-60b-nguyen-huy-tuong-3.jpg 683w, https:\/\/pvv.com.vn\/wp-content\/uploads\/2017\/11\/chung-cu-pvv-vinapharm-60b-nguyen-huy-tuong-3-150x120.jpg 150w, https:\/\/pvv.com.vn\/wp-content\/uploads\/2017\/11\/chung-cu-pvv-vinapharm-60b-nguyen-huy-tuong-3-250x200.jpg 250w, https:\/\/pvv.com.vn\/wp-content\/uploads\/2017\/11\/chung-cu-pvv-vinapharm-60b-nguyen-huy-tuong-3-337x270.jpg 337w\" sizes=\"(max-width: 683px) 100vw, 683px\" \/><\/p>\n<p><img loading=\"lazy\" class=\"size-full wp-image-149 aligncenter\" src=\"http:\/\/pvv.com.vn\/wp-content\/uploads\/2017\/11\/chung-cu-pvv-vinapharm-60b-nguyen-huy-tuong-4.jpg\" alt=\"\" width=\"720\" height=\"509\" srcset=\"https:\/\/pvv.com.vn\/wp-content\/uploads\/2017\/11\/chung-cu-pvv-vinapharm-60b-nguyen-huy-tuong-4.jpg 720w, https:\/\/pvv.com.vn\/wp-content\/uploads\/2017\/11\/chung-cu-pvv-vinapharm-60b-nguyen-huy-tuong-4-150x106.jpg 150w, https:\/\/pvv.com.vn\/wp-content\/uploads\/2017\/11\/chung-cu-pvv-vinapharm-60b-nguyen-huy-tuong-4-283x200.jpg 283w, https:\/\/pvv.com.vn\/wp-content\/uploads\/2017\/11\/chung-cu-pvv-vinapharm-60b-nguyen-huy-tuong-4-360x255.jpg 360w\" sizes=\"(max-width: 720px) 100vw, 720px\" \/> <img loading=\"lazy\" class=\"size-full wp-image-150 aligncenter\" src=\"http:\/\/pvv.com.vn\/wp-content\/uploads\/2017\/11\/chung-cu-pvv-vinapharm-60b-nguyen-huy-tuong-5.jpg\" alt=\"\" width=\"720\" height=\"509\" srcset=\"https:\/\/pvv.com.vn\/wp-content\/uploads\/2017\/11\/chung-cu-pvv-vinapharm-60b-nguyen-huy-tuong-5.jpg 720w, https:\/\/pvv.com.vn\/wp-content\/uploads\/2017\/11\/chung-cu-pvv-vinapharm-60b-nguyen-huy-tuong-5-150x106.jpg 150w, https:\/\/pvv.com.vn\/wp-content\/uploads\/2017\/11\/chung-cu-pvv-vinapharm-60b-nguyen-huy-tuong-5-283x200.jpg 283w, https:\/\/pvv.com.vn\/wp-content\/uploads\/2017\/11\/chung-cu-pvv-vinapharm-60b-nguyen-huy-tuong-5-360x255.jpg 360w\" sizes=\"(max-width: 720px) 100vw, 720px\" \/> <img loading=\"lazy\" class=\"size-full wp-image-151 aligncenter\" src=\"http:\/\/pvv.com.vn\/wp-content\/uploads\/2017\/11\/chung-cu-pvv-vinapharm-60b-nguyen-huy-tuong-6.jpg\" alt=\"\" width=\"720\" height=\"509\" srcset=\"https:\/\/pvv.com.vn\/wp-content\/uploads\/2017\/11\/chung-cu-pvv-vinapharm-60b-nguyen-huy-tuong-6.jpg 720w, https:\/\/pvv.com.vn\/wp-content\/uploads\/2017\/11\/chung-cu-pvv-vinapharm-60b-nguyen-huy-tuong-6-150x106.jpg 150w, https:\/\/pvv.com.vn\/wp-content\/uploads\/2017\/11\/chung-cu-pvv-vinapharm-60b-nguyen-huy-tuong-6-283x200.jpg 283w, https:\/\/pvv.com.vn\/wp-content\/uploads\/2017\/11\/chung-cu-pvv-vinapharm-60b-nguyen-huy-tuong-6-360x255.jpg 360w\" sizes=\"(max-width: 720px) 100vw, 720px\" \/> <img loading=\"lazy\" class=\"size-full wp-image-152 aligncenter\" src=\"http:\/\/pvv.com.vn\/wp-content\/uploads\/2017\/11\/chung-cu-pvv-vinapharm-60b-nguyen-huy-tuong-7.jpg\" alt=\"\" width=\"720\" height=\"509\" srcset=\"https:\/\/pvv.com.vn\/wp-content\/uploads\/2017\/11\/chung-cu-pvv-vinapharm-60b-nguyen-huy-tuong-7.jpg 720w, https:\/\/pvv.com.vn\/wp-content\/uploads\/2017\/11\/chung-cu-pvv-vinapharm-60b-nguyen-huy-tuong-7-150x106.jpg 150w, https:\/\/pvv.com.vn\/wp-content\/uploads\/2017\/11\/chung-cu-pvv-vinapharm-60b-nguyen-huy-tuong-7-283x200.jpg 283w, https:\/\/pvv.com.vn\/wp-content\/uploads\/2017\/11\/chung-cu-pvv-vinapharm-60b-nguyen-huy-tuong-7-360x255.jpg 360w\" sizes=\"(max-width: 720px) 100vw, 720px\" \/> <img loading=\"lazy\" class=\"size-full wp-image-153 aligncenter\" src=\"http:\/\/pvv.com.vn\/wp-content\/uploads\/2017\/11\/chung-cu-pvv-vinapharm-60b-nguyen-huy-tuong-8.jpg\" alt=\"\" width=\"720\" height=\"509\" srcset=\"https:\/\/pvv.com.vn\/wp-content\/uploads\/2017\/11\/chung-cu-pvv-vinapharm-60b-nguyen-huy-tuong-8.jpg 720w, https:\/\/pvv.com.vn\/wp-content\/uploads\/2017\/11\/chung-cu-pvv-vinapharm-60b-nguyen-huy-tuong-8-150x106.jpg 150w, https:\/\/pvv.com.vn\/wp-content\/uploads\/2017\/11\/chung-cu-pvv-vinapharm-60b-nguyen-huy-tuong-8-283x200.jpg 283w, https:\/\/pvv.com.vn\/wp-content\/uploads\/2017\/11\/chung-cu-pvv-vinapharm-60b-nguyen-huy-tuong-8-360x255.jpg 360w\" sizes=\"(max-width: 720px) 100vw, 720px\" \/><\/p>\n<p>Nh\u1eefng l\u00fd do n\u00ean mua Chung c\u01b0 PVV Vinapharm Tower<\/p>\n<p>V\u1edbi t\u00e2m huy\u1ebft c\u1ee7a ng\u01b0\u1eddi l\u00e0m ngh\u1ec1 B\u1ea5t \u0111\u1ed9ng s\u1ea3n, ch\u00fang t\u00f4i xin ph\u00e2n t\u00edch 5 l\u00fd do quan tr\u1ecdng h\u00e0ng \u0111\u1ea7u, t\u1ea1o n\u00ean s\u1ee9c h\u1ea5p d\u1eabn \u0111\u1eb7c bi\u1ec7t, nh\u1eefng l\u00fd do m\u00e0 kh\u00e1ch kh\u00f4ng th\u1ec3 kh\u00f4ng mua D\u1ef1 \u00e1n B\u0110S v\u00e0ng n\u00e0y.<\/p>\n<p>1.L\u00fd do 1: Ch\u1ee7 \u0111\u1ea7u t\u01b0 uy t\u00edn, n\u0103ng l\u1ef1c t\u00e0i ch\u00ednh t\u1ed1t<\/p>\n<p>Ch\u1ee7 \u0111\u1ea7u t\u01b0 D\u1ef1 \u00e1n Chung c\u01b0 60B Nguy\u1ec5n Huy T\u01b0\u1edfng l\u00e0 \u0111\u1ee3n v\u1ecb nh\u00e0 n\u01b0\u1edbc uy t\u00edn \u2013 C\u00f4ng ty CP \u0111\u1ea7u t\u01b0 v\u00e0 x\u00e2y d\u1ef1ng Vinaconex PVC, l\u00e0 \u0111\u01a1n v\u1ecb c\u00f3 ch\u1ee9c n\u0103ng thi c\u00f4ng c\u00e1c c\u00f4ng tr\u00ecnh d\u00e2n d\u1ee5ng, h\u1ea1 t\u1ea7ng c\u01a1 s\u1edf, c\u00e1c d\u1ef1 \u00e1n chung c\u01b0 v\u00e0 nh\u00e0 \u1edf th\u01b0\u01a1ng m\u1ea1i\u2026<\/p>\n<p>Ti\u1ec1n th\u00e2n c\u1ee7a Vinaconex PVC l\u00e0 C\u00f4ng ty Vinaconex 39, \u0111\u1ebfn 1\/2009, c\u00f9ng v\u1edbi s\u1ef1 tham gia g\u00f3p v\u1ed1n c\u1ee7a T\u1ed5ng C\u00f4ng ty C\u1ed5 ph\u1ea7n X\u00e2y l\u1eafp D\u1ea7u kh\u00ed Vi\u1ec7t Nam (PVC), C\u00f4ng ty \u0111\u1ed5i t\u00ean m\u1edbi th\u00e0nh C\u00f4ng ty C\u1ed5 ph\u1ea7n \u0110\u1ea7u t\u01b0 X\u00e2y d\u1ef1ng Vinaconex\u2013PVC.<\/p>\n<p>C\u00f4ng ty \u0111\u00e3 x\u00e2y d\u1ef1ng nhi\u1ec1u c\u00f4ng tr\u00ecnh uy t\u00edn t\u1eeb B\u1eafc v\u00e0o Nam nh\u01b0: Chung c\u01b0 Th\u01b0\u01a1ng m\u1ea1i CT2A C\u1ed5 Nhu\u1ebf, T\u00f2a nh\u00e0 d\u1ea7u kh\u00ed 89 L\u00e1ng H\u1ea1, Khu chung c\u01b0 Cao t\u1ea7ng t\u1ea1i qu\u1eadn 9 Th\u00e0nh ph\u1ed1 H\u1ed3 Ch\u00ed Minh, Cao \u1ed1c v\u0103n ph\u00f2ng t\u1ea1i 19 Ph\u1ea1m Ng\u1ecdc Th\u1ea1ch \u2013 Th\u00e0nh ph\u1ed1 H\u1ed3 Ch\u00ed Minh\u2026<\/p>\n<p>V\u1edbi s\u1ee9c tr\u1ebb, l\u00f2ng nhi\u1ec7t huy\u1ebft v\u00e0 ti\u1ec1m l\u1ef1c t\u00e0i ch\u00ednh m\u1ea1nh m\u1ebd, Vinaconex PVC \u0111ang tr\u00ean \u0111\u00e0 ph\u00e1t tri\u1ec3n v\u00e0 th\u00e0nh c\u00f4ng trong l\u0129nh v\u1ef1c x\u00e2y d\u1ef1ng d\u00e2n d\u1ee5ng v\u00e0 chung c\u01b0, \u0111\u01b0\u1ee3c c\u00e1c \u0111\u1ed1i t\u00e1c tin t\u01b0\u1edfng, \u0111\u00e1nh gi\u00e1 cao v\u1ec1 n\u0103ng l\u1ef1c v\u00e0 ch\u1ea5t l\u01b0\u1ee3ng c\u00f4ng tr\u00ecnh x\u00e2y d\u1ef1ng.<\/p>\n<p>2. L\u00fd do 2: V\u1ecb tr\u00ed \u0111\u1eafc \u0111\u1ecba, trung t\u00e2m qu\u1eadn Thanh Xu\u00e2n<\/p>\n<p>T\u1ecda l\u1ea1c tr\u00ean con ph\u1ed1 Nguy\u1ec5n Huy T\u01b0\u1edfng trung t\u00e2m qu\u1eadn Thanh Xu\u00e2n, t\u00f2a nh\u00e0 Chung c\u01b0 60B Nguy\u1ec5n Huy T\u01b0\u1edfng h\u1ed9i t\u1ee5 \u0111\u1ea7y \u0111\u1ee7 c\u00e1c y\u1ebfu t\u1ed1 c\u1ee7a m\u1ed9t Chung c\u01b0 th\u01b0\u01a1ng m\u1ea1i hi\u1ec7n \u0111\u1ea1i v\u00e0 ti\u1ec7n \u00edch:<\/p>\n<p>-Thu\u1eadn l\u1ee3i v\u1ec1 giao th\u00f4ng: d\u1ec5 d\u00e0ng k\u1ebft n\u1ed1i v\u1edbi c\u00e1c tr\u1ee5c giao th\u00f4ng ch\u00ednh nh\u01b0: v\u00e0nh \u0111ai 3, L\u00ea V\u0103n L\u01b0\u01a1ng, Nguy\u1ec5n Tr\u00e3i, L\u00e1ng, Khu\u1ea5t Duy Ti\u1ebfn\u2026..nh\u01b0ng v\u1eabn \u0111\u1ea3m b\u1ea3o \u0111\u01b0\u1ee3c kh\u00f4ng gian s\u1ed1ng y\u00ean t\u0129nh v\u00e0 tho\u1ea3i m\u00e1i.<\/p>\n<p>-H\u1ea1 t\u1ea7ng c\u01a1 s\u1edf \u0111\u1ed3ng b\u1ed9: D\u1ef1 \u00e1n Chung c\u01b0 60B Nguy\u1ec5n Huy T\u01b0\u1edfng n\u1eb1m \u1edf trung t\u00e2m qu\u1eadn Thanh Xu\u00e2n, n\u01a1i c\u00f3 t\u1ed1c \u0111\u1ed9 ph\u00e1t tri\u1ec3n v\u00e0 \u0111\u1eddi s\u1ed1ng d\u00e2n tr\u00ed cao. Khu v\u1ef1c n\u00e0y t\u1eadp trung nhi\u1ec1u tr\u01b0\u1eddng t\u1eeb m\u1ea7m non \u0111\u1ebfn trung h\u1ecdc c\u00f3 ch\u1ea5t l\u01b0\u1ee3ng c\u1ee7a Qu\u1eadn Thanh Xu\u00e2n: Tr\u01b0\u1eddng m\u1ea7m non H\u1ecda Mi, ti\u1ec3u h\u1ecdc Qu\u1ed1c T\u1ebf Brendon, tr\u01b0\u1eddng PTCS Phan \u0110\u00ecnh Gi\u00f3t, tr\u01b0\u1eddng trung h\u1ecdc ph\u1ed5 th\u00f4ng Nh\u00e2n Ch\u00ednh, tr\u01b0\u1eddng trung h\u1ecdc ch\u1ea5t l\u01b0\u1ee3ng cao Achimedes, tr\u01b0\u1eddng trung h\u1ecdc ph\u1ed5 th\u00f4ng chuy\u00ean Amsterdam\u2026.<\/p>\n<p>Xung quanh v\u1ecb tr\u00ed D\u1ef1 \u00e1n trong v\u00f2ng b\u00e1n k\u00ednh 2km c\u00f3 nhi\u1ec1u c\u00e1c c\u00f4ng tr\u00ecnh ti\u1ec7n \u00edch mang t\u1ea7m qu\u1ed1c gia: Trung t\u00e2m H\u1ed9i ngh\u1ecb Qu\u1ed1c Gia, Tri\u1ec3n L\u00e3m Qu\u1ed1c Gia, Si\u00eau th\u1ecb BigC, Trung t\u00e2m th\u01b0\u01a1ng m\u1ea1i The Manor, khu vui ch\u01a1i gi\u1ea3i tr\u00ed B\u1ea3o S\u01a1n, s\u00e2n v\u1eadn \u0111\u1ed9ng Qu\u1ed1c Gia M\u1ef9 \u0110\u00ecnh\u2026<\/p>\n<p>3. L\u00fd do 3: Thi\u1ebft k\u1ebf c\u0103n h\u1ed9 nh\u1ecf v\u1eeba, t\u1eadn d\u1ee5ng t\u1ed1i \u0111a c\u00f4ng n\u0103ng s\u1eed d\u1ee5ng:<\/p>\n<p>\u0110\u00e2y ch\u00ednh l\u00e0 \u0111i\u1ec3m m\u1ea1nh n\u1ed5i b\u1eadt c\u1ee7a D\u1ef1 \u00e1n so v\u1edbi c\u00e1c Chung c\u01b0 c\u00f9ng khu v\u1ef1c. V\u1edbi h\u1ec7 th\u1ed1ng khe x\u1ebb th\u00f4ng minh \u0111\u01b0\u1ee3c thi\u1ebft k\u1ebf kh\u1eafp T\u00f2a nh\u00e0 c\u00f3 t\u00e1c d\u1ee5ng h\u00fat gi\u00f3 v\u00e0 \u00e1nh s\u00e1ng, c\u0103n h\u1ed9 n\u00e0o c\u0169ng l\u00e0 c\u0103n g\u00f3c c\u00f3 2-3 m\u1eb7t tho\u00e1ng. Khi l\u1ef1a ch\u1ecdn Chung c\u01b0 60B Nguy\u1ec5n Huy T\u01b0\u1edfng, Qu\u00fd kh\u00e1ch s\u1ebd ho\u00e0n to\u00e0n h\u00e0i l\u00f2ng v\u1edbi c\u00e1c c\u0103n h\u1ed9 c\u00f3 kh\u00f4ng gian ng\u1eadp tr\u00e0n \u00e1nh s\u00e1ng t\u1ef1 nhi\u00ean v\u00e0 gi\u00f3 m\u00e1t, kh\u00f4ng c\u00f3 ph\u00f2ng n\u00e0o trong c\u0103n h\u1ed9 b\u1ecb thi\u1ebfu \u00e1nh s\u00e1ng, kh\u00e1c bi\u1ec7t h\u1eb3n so v\u1edbi c\u00e1c Chung c\u01b0 tr\u01b0\u1edbc \u0111\u00e2y.<\/p>\n<p>Di\u1ec7n t\u00edch c\u00e1c c\u0103n \u0111\u01b0\u1ee3c thi\u1ebft k\u1ebf h\u1ee3p l\u00fd, t\u1eadn d\u1ee5ng t\u1ed1i \u0111a di\u1ec7n t\u00edch s\u1eed d\u1ee5ng, ch\u1ec9 t\u1eeb 54.8-97.4m, c\u00f3 t\u1eeb 2-3 ph\u00f2ng ng\u1ee7 ( t\u00ednh di\u1ec7n t\u00edch th\u00f4ng th\u1ee7y). V\u1edbi thi\u1ebft k\u1ebf h\u01b0\u1edbng t\u1edbi ph\u00e2n kh\u00fac kh\u00e1ch h\u00e0ng trung b\u00ecnh \u2013 kh\u00e1, D\u1ef1 \u00e1n Chung c\u01b0 60B Nguy\u1ec5n Huy T\u01b0\u1edfng s\u1ebd l\u00e0 s\u1ef1 l\u1ef1a ch\u1ecdn c\u1ee7a r\u1ea5t nhi\u1ec1u gia \u0111\u00ecnh tr\u1ebb, c\u00f3 cu\u1ed9c s\u1ed1ng hi\u1ec7n \u0111\u1ea1i n\u0103ng \u0111\u1ed9ng.<\/p>\n<p>Nh\u01b0 v\u1eady l\u00e0 ch\u1ec9 v\u1edbi 1.6 t\u1ef7, Qu\u00fd kh\u00e1ch \u0111\u00e3 c\u00f3 th\u1ec3 s\u1edf h\u1eefu ngay c\u0103n h\u1ed9 2 Ph\u00f2ng ng\u1ee7, 2WC t\u1ea1i m\u1ed9t con ph\u1ed1 trung t\u00e2m c\u1ee7a Qu\u1eadn Thanh Xu\u00e2n, t\u1eadn h\u01b0\u1edfng ngay cu\u1ed9c s\u1ed1ng hi\u1ec7n \u0111\u1ea1i, n\u0103ng \u0111\u1ed9ng, \u0111\u1eddi s\u1ed1ng d\u00e2n tr\u00ed ph\u00e1t tri\u1ec3n, ti\u1ec7n \u00edch \u0111\u1ed3ng b\u1ed9, d\u1ed3i d\u00e0o b\u1eadc nh\u1ea5t H\u00e0 N\u1ed9i.<\/p>\n<p>4. L\u00fd do 4: Gi\u00e1 c\u1ea3 h\u1ea5p d\u1eabn, r\u1ebb nh\u1ea5t khu v\u1ef1c:<\/p>\n<p>V\u1edbi m\u1ee9c gi\u00e1 \u0111ang \u0111\u01b0\u1ee3c s\u00e0n EZ ph\u00e2n ph\u1ed1i \u0111\u1ed9c quy\u1ec1n t\u1eeb 28.6tr\/m (t\u00ednh theo di\u1ec7n tich th\u00f4ng th\u1ee7y c\u00f3 VAT), Chung c\u01b0 60B Nguy\u1ec5n Huy T\u01b0\u1edfng tr\u1edf th\u00e0nh t\u00e2m \u0111i\u1ec3m thu h\u00fat kh\u00e1ch \u0111\u1ea7u t\u01b0 trong nh\u1eefng th\u00e1ng cu\u1ed1i n\u0103m n\u00e0y.<\/p>\n<p>\u0110\u00e2y l\u00e0 m\u1ee9c gi\u00e1 t\u1ed1t nh\u1ea5t so v\u1edbi c\u00e1c chung c\u01b0 c\u00f9ng khu v\u1ef1c c\u00f3 c\u00f9ng c\u01a1 s\u1edf h\u1ea1 t\u1ea7ng v\u00e0 ti\u1ec7n \u00edch, nh\u01b0: Hapulico, Chung c\u01b0 \u0110i\u1ec7n l\u1ef1c c\u00f3 m\u1ee9c gi\u00e1 36-38tr\/m,D\u1ef1 \u00e1n M\u1ef9 S\u01a1n 30-31tr\/m, Golden West c\u00f3 gi\u00e1 32-33tr\/m\u2026th\u00ec m\u1ee9c gi\u00e1 tr\u00ean \u0111\u01b0\u1ee3c \u0111\u00e1nh gi\u00e1 l\u00e0 c\u01a1 h\u1ed9i V\u00c0NG, v\u00f4 c\u00f9ng tuy\u1ec7t v\u1eddi d\u00e0nh cho c\u00e1c kh\u00e1ch h\u00e0ng c\u00f3 thu nh\u1eadp trung b\u00ecnh s\u1edf h\u1eefu ngay cho m\u00ecnh c\u0103n h\u1ed9 m\u01a1 \u01b0\u1edbc.<\/p>\n<p>5. L\u00fd do 5: Chung c\u01b0 60B Nguy\u1ec5n Huy T\u01b0\u1edfng c\u00f3 ti\u1ec7n \u00edch \u0111\u1ed3ng b\u1ed9:<\/p>\n<p>M\u1ed9t cu\u1ed9c s\u1ed1ng ti\u1ec7n nghi, hi\u1ec7n \u0111\u1ea1i, v\u0103n minh l\u00e0 ti\u00eau ch\u00ed h\u00e0ng \u0111\u1ea7u cho thi\u1ebft k\u1ebf c\u1ee7a T\u00f2a nh\u00e0. D\u1ef1 \u00e1n Chung c\u01b0 60B Nguy\u1ec5n Huy T\u01b0\u1edfng \u0111\u01b0\u1ee3c trang b\u1ecb ti\u1ec7n \u00edch \u0111\u1ea7y \u0111\u1ee7, \u0111\u1ed3ng b\u1ed9 v\u00e0 cao c\u1ea5p: Trung t\u00e2m mua s\u1eafm, s\u00e2n ch\u01a1i cho tr\u1ebb em, ph\u00f2ng t\u1eadp Gym, b\u00e3i \u0111\u1ed7 xe c\u00f4ng c\u1ed9ng\u2026.<\/p>\n<p>Ngo\u00e0i ra, T\u00f2a nh\u00e0 n\u1eb1m tr\u00ean ph\u1ed1 Nguy\u1ec5n Huy T\u01b0\u1edfng, c\u00f9ng v\u1edbi h\u00e0ng lo\u1ea1t c\u00e1c Chung c\u01b0 cao c\u1ea5p kh\u00e1c: qu\u1ea7n th\u1ec3 Hapulico, Ph\u00fa Gia, Imperial Garden\u2026 t\u1ea1o th\u00e0nh m\u1ed9t qu\u1ea7n th\u1ec3 \u0111\u00f4ng vui, v\u00e0 ti\u1ec7n \u00edch b\u1ed5 sung \u0111\u1ea7y \u0111\u1ee7, c\u00e1c c\u01b0 d\u00e2n \u1edf c\u00e1c T\u00f2a nh\u00e0 c\u00f3 th\u1ec3 s\u1eed d\u1ee5ng c\u00e1c ti\u1ec7n \u00edch c\u1ee7a T\u00f2a nh\u00e0 kh\u00e1c: B\u1ec3 b\u01a1i, tr\u01b0\u1eddng h\u1ecdc, khu vui ch\u01a1i\u2026l\u00e0m phong ph\u00fa th\u00eam cu\u1ed9c s\u1ed1ng tinh th\u1ea7n c\u1ee7a m\u00ecnh<\/p>\n<p>T\u1eeb kh\u00f3a t\u00ecm ki\u1ebfm : chung c\u01b0 pvv vinapharm,chung c\u01b0 pvv tower,chung c\u01b0 pvv vinapharm 60b nguy\u1ec5n huy t\u01b0\u1edfng,chung c\u01b0 pvv tower 60b nguy\u1ec5n huy t\u01b0\u1edfng,chung c\u01b0 60b nguy\u1ec5n huy t\u01b0\u1edfng,chung c\u01b0 vinapharm nguy\u1ec5n huy t\u01b0\u1edfng,pvv vinapharm,pvv tower, gi\u00e1 b\u00e1n chung c\u01b0 pvv vinapharm, khuy\u1ebfn m\u1ea1i mua chung c\u01b0 pvv vinapharm, ti\u1ebfn \u0111\u1ed9 d\u1ef1 \u00e1n chung c\u01b0 pvv vinapharm,\u2026<\/p>\n","protected":false},"excerpt":{"rendered":"<p>V\u1eca TR\u00cd V\u00c0 TI\u1ec6N \u00cdCH CHUNG C\u01af PVV VINAPHARM TOWER Chung c\u01b0 PVV Vinapharm n\u1eb1m tr\u00ean n\u1ec1n t\u1ea3ng c\u01a1 s\u1edf h\u1ea1 t\u1ea7ng hi\u1ec7n \u0111\u1ea1i s\u1eb5n c\u00f3, v\u1ecb tr\u00ed giao th\u00f4ng thu\u1eadn l\u1ee3i, g\u1ea7n c\u00e1c tuy\u1ebfn \u0111\u01b0\u1eddng huy\u1ebft m\u1ea1ch tr\u1ecdng \u0111i\u1ec3m <a href=\"https:\/\/pvv.com.vn\/\" class=\"read-more\">Xem th\u00eam &#8230;<\/a><\/p>\n","protected":false},"author":1,"featured_media":146,"parent":0,"menu_order":2,"comment_status":"closed","ping_status":"closed","template":"","meta":[],"_links":{"self":[{"href":"https:\/\/pvv.com.vn\/index.php\/wp-json\/wp\/v2\/pages\/52"}],"collection":[{"href":"https:\/\/pvv.com.vn\/index.php\/wp-json\/wp\/v2\/pages"}],"about":[{"href":"https:\/\/pvv.com.vn\/index.php\/wp-json\/wp\/v2\/types\/page"}],"author":[{"embeddable":true,"href":"https:\/\/pvv.com.vn\/index.php\/wp-json\/wp\/v2\/users\/1"}],"replies":[{"embeddable":true,"href":"https:\/\/pvv.com.vn\/index.php\/wp-json\/wp\/v2\/comments?post=52"}],"version-history":[{"count":4,"href":"https:\/\/pvv.com.vn\/index.php\/wp-json\/wp\/v2\/pages\/52\/revisions"}],"predecessor-version":[{"id":154,"href":"https:\/\/pvv.com.vn\/index.php\/wp-json\/wp\/v2\/pages\/52\/revisions\/154"}],"wp:featuredmedia":[{"embeddable":true,"href":"https:\/\/pvv.com.vn\/index.php\/wp-json\/wp\/v2\/media\/146"}],"wp:attachment":[{"href":"https:\/\/pvv.com.vn\/index.php\/wp-json\/wp\/v2\/media?parent=52"}],"curies":[{"name":"wp","href":"https:\/\/api.w.org\/{rel}","templated":true}]}}